What is the remainder when m(10) is divided by 35?
34
Let p = 10 - 9. Calculate the remainder when (-1)/(p + 48/(-46)) is divided by (-1)/(-1*2/16).
7
Let d = -39 - -68. Suppose -4*y = -2*j + 212, -5*y + j - 65 = 197. What is the remainder when d is divided by (-2)/5 + y/(-5)?
9
Suppose 15*a - 391 = -2*a. What is the remainder when 44 is divided by a?
21
Let d(x) = -x. Suppose 22 + 48 = -5*s. What is the remainder when d(s) is divided by 4?
2
Suppose -4*v = -2*v - 22. Calculate the remainder when 31 is divided by v.
9
Let o = 0 + 7. Suppose -2*g = -x - 0 - 5, 4*g - 5*x - 13 = 0. What is the remainder when o is divided by g?
1
Suppose -5*t - 235 = -5*o, o + 3*o + t = 203. Calculate the remainder when o is divided by 13.
11
Let f = 21 - -112. Suppose -5*c + 157 = -f. Calculate the remainder when c is divided by 20.
18
Let k = -38 + 77. What is the remainder when k is divided by 14?
11
Calculate the remainder when -2*(-4)/(8/30) is divided by 3 + -3 + (4 - -12).
14
Let c(i) = i**3 + 7*i**2 + 4*i - 3. Calculate the remainder when 15 is divided by c(-6).
6
Let d(s) = -12*s - 1. Calculate the remainder when d(-2) is divided by 8.
7
Suppose 0 = -4*z - 2*h - 14, 5*h = -3*z - 2*z - 20. Calculate the remainder when 121 is divided by 33 + (-3 - z - 2).
28
Let t be 1 + (-3)/(9/(-15)). Suppose 0 = 2*q + t + 8. What is the remainder when 27 is divided by (1 - 2)/(1/q)?
6
Suppose 4*t - 2 = 3*c, 0 = 5*t - 4*c + 3*c - 8. Suppose 5*n = 3*n + 2. Calculate the remainder when t is divided by n.
0
Let d(o) = -o**3 - 15*o**2 + 17*o + 18. What is the remainder when 8 is divided by d(-16)?
0
Suppose 2*u + u + 2*r = 53, 4*r = 3*u - 29. Calculate the remainder when ((-14)/(-2))/(2/8) - 0 is divided by u.
13
Let m = 29 - 15. Calculate the remainder when 576/15 + (-6)/(-10) is divided by m.
11
Let b be 1 + (-2 - 4/(-2)). Let l = 10 + b. Calculate the remainder when l is divided by 6.
5
Let t(n) = -2*n + 6. Calculate the remainder when 33 is divided by t(-6).
15
Let o = 37 + -13. Calculate the remainder when o is divided by 9.
6
Suppose y - j = 6, 18 = 4*y - y + 4*j. Let z(v) = 81*v - 15. Let q be z(-8). Calculate the remainder when 8/10 + q/(-65) is divided by y.
5
What is the remainder when -22*3*12/(-9) is divided by 30?
28
Suppose -u + 5 = 0, -3*v - 4*u = v - 124. Calculate the remainder when v is divided by 14.
12
Suppose q + 4*q - 130 = 0. Calculate the remainder when 75 is divided by q.
23
Suppose 0 = 4*l + l - 20. Let k be (-1)/((-5)/l)*55. Suppose -w - w = 4*y - k, w + 38 = 4*y. Calculate the remainder when y is divided by 6.
4
Suppose -s = c + s - 19, -11 = -2*c + 5*s. What is the remainder when 36 is divided by c?
10
Let c(d) = d**2 - 2*d - 8. Let b be c(6). Suppose 0*f + 94 = 2*f. Calculate the remainder when f is divided by b*2/6*3.
15
What is the remainder when 119 is divided by 24*((-85)/(-15) + -4)?
39
Suppose -2*m - 28 = -4*m. What is the remainder when 38 is divided by m?
10
Let u = -15 - -28. What is the remainder when u is divided by 1 + (2 - (-4)/1)?
6
Let j(p) = p**3 - 7*p**2 + 2*p - 7. Calculate the remainder when j(7) is divided by 2.
1
Calculate the remainder when (-6 - -3) + (33 - -1) is divided by 17.
14
Let j(k) = k**3 + 5*k**2 + 3*k + 3. Let w be j(-4). Suppose -p + w = -29. Suppose 0 = -3*v - p + 84. What is the remainder when v is divided by 6?
4
Suppose -a + s = 5*s - 20, 2*s + 18 = 3*a. Calculate the remainder when 23 is divided by a.
7
Suppose -f = -2*r - 34, 3*r + 51 = 3*f - 54. Let q = 13 + 6. What is the remainder when f is divided by q?
17
Suppose 3*w + 270 = 369. Suppose -122 = -3*i + 2*i + 2*r, 5*i = 5*r + 630. What is the remainder when i is divided by w?
31
Suppose -z - 6 = -3*z, 5*g + z = -27. Let t be (-2)/6 - 356/g. Suppose 151 - t = 4*k. Calculate the remainder when k is divided by 12.
11
Let p = 62 + 23. Suppose -3*r + 2*n = n - p, 0 = -n + 2. What is the remainder when r is divided by (-3)/(-9) + 235/15?
13
Let o = 6 - -1. Suppose 3*z - 2*z = o. What is the remainder when 1*(-3)/((-6)/38) is divided by z?
5
Suppose 0 = -2*t + 9 - 1. Suppose -5*h + 854 = -2*u - 258, -4*h + 884 = t*u. Calculate the remainder when ((-3)/(-9))/(2/h) is divided by 13.
11
Let d = 45 - 35. What is the remainder when 28 is divided by d?
8
Calculate the remainder when 15 is divided by (-9)/(-6) - 13/(-2).
7
Let d = -18 + 21. What is the remainder when 7 is divided by d?
1
Let m(b) = b - 6. Let a be m(3). Let n be 14/a + (-6)/18. Calculate the remainder when 8 is divided by n/4*(-4)/1.
3
Suppose -29*d = -26*d - 21. Calculate the remainder when 12 is divided by d.
5
Let l = -33 + 54. Let c = -14 + l. Calculate the remainder when c is divided by ((-8)/(-6))/((-1)/(-3)).
3
Let g(x) = x**3 - 8*x**2 - 2*x - 19. Calculate the remainder when g(9) is divided by 12.
8
Suppose 5*z + 61 - 301 = 0. Calculate the remainder when z is divided by -1 + (-1)/(-2) + 140/8.
14
Suppose 3*i = -3*m - 6, -5*i + 0*m = 3*m + 6. Suppose p - 28 - 6 = i. Calculate the remainder when p is divided by 12.
10
Let t be ((-75)/20)/((-1)/(-8)). Calculate the remainder when 8/(-6)*t/4 is divided by 3.
1
Suppose 149 = -2*r + 4*r + t, -5*t + 97 = r. Calculate the remainder when r is divided by 25.
22
Suppose -9 - 10 = -z + 5*v, -4*v = 2*z + 4. What is the remainder when (-18)/12 + 178/z is divided by 11?
10
Let s(r) be the third derivative of r**5/60 - r**4/8 - 2*r**3/3 + 2*r**2. Let y be s(5). Suppose 2*v + y = 3*v. Calculate the remainder when v is divided by 3.
0
Let d(c) = 4*c**2 + c. Let g be d(3). Suppose 0*b + g = b. What is the remainder when b is divided by -20*(-6 + 3 - -2)?
19
Suppose -5*a + 2*v = -252, 0*a + 64 = a + 3*v. What is the remainder when a is divided by 3?
1
Calculate the remainder when 838/16 - 27/72 is divided by 6*(2/1 + 1).
16
Suppose -54 = 33*i - 39*i. Calculate the remainder when 12 is divided by i.
3
Let p(m) = 3*m**2 + 3*m - 3. Let s(n) = -n**3 + 5*n**2 - 3. Let q be s(5). What is the remainder when p(q) is divided by 4?
3
Let r = -56 - -78. Calculate the remainder when 63 is divided by r.
19
Let k(i) = 2*i**3 - 6*i**2 + 5*i + 5. Calculate the remainder when k(4) is divided by 21.
15
Calculate the remainder when 101 is divided by (5/2)/(2 - 108/56).
31
Suppose -3*x + 16 = x. What is the remainder when (98/14)/(-1 + 2) is divided by x?
3
Let v(h) = 3*h**2 + 5*h + 4. What is the remainder when v(-4) is divided by 17?
15
What is the remainder when ((-6)/(-4))/((-3)/(-124) - 0) is divided by 16?
14
Suppose -9 = -2*a - 1. Suppose -g = -a - 2. Calculate the remainder when g is divided by 4.
2
Let k = -17 - -49. What is the remainder when k is divided by 18?
14
Let y(f) = f + 43. Calculate the remainder when y(20) is divided by 32.
31
Let q = -108 - -125. Calculate the remainder when 40 is divided by q.
6
Calculate the remainder when (-2)/(-1) - (-205)/5 is divided by 16.
11
Let d = 35 + -20. Calculate the remainder when d is divided by 8.
7
Let k = -1 + 1. Suppose 0 = -2*l + 77 - 17. Suppose 0 = -2*w - k*w + l. Calculate the remainder when 27 is divided by w.
12
Suppose -4*f = 8 - 20. Calculate the remainder when 15 is divided by f.
0
Let k = 3 + -6. What is the remainder when 77 is divided by (7 - 3)/(k/(-15))?
17
Let t = -39 + 88. Let h = t + -15. Let s = -24 + h. What is the remainder when 18 is divided by s?
8
Let d(s) = -s**3 + s - 4*s**2 + 2 + 0 + 1. Let q(z) = 5*z + 25. Let k be q(-6). Calculate the remainder when d(k) is divided by 6.
5
Let s = 5 - -45. Calculate the remainder when s is divided by 3/1 - (-22 - -8).
16
Let z = -7 - -1. Let a(c) = c**2 + 7*c + 9. Let s be a(z). Calculate the remainder when 32 is divided by 14 + (-2 - -2 - s).
10
Calculate the remainder when (-4)/15*5/2*-15 is divided by 7.
3
Let h(i) = -3*i + 12. What is the remainder when 83 is divided by h(-3)?
20
Let m = 4 - 24. Let x = m + 29. Suppose -3*d + 60 = -4*z, -4*z + 10 = -5*d + 102. Calculate the remainder when d is divided by x.
7
Suppose 4*c = -4*m + 4 + 44, -c - 2*m = -17. Calculate the remainder when 19 is divided by c.
5
Let w = 38 + -19. Let g(q) = -q**3 + 5*q**2 + q - 3. Let r be g(5). Suppose w = 3*p - r*p. Calculate the remainder when p is divided by 7.
5
Let i(z) = z**2 + 3*z + 1. What is the remainder when 42 is divided by i(-5)?
9
Let v = -55 - -66. What is the r